{"id":2126,"date":"2024-09-17T16:18:11","date_gmt":"2024-09-17T14:18:11","guid":{"rendered":"https:\/\/www.dukas-partizanske.sk\/?page_id=2126"},"modified":"2024-09-17T16:24:46","modified_gmt":"2024-09-17T14:24:46","slug":"volny-priestor-1-posch","status":"publish","type":"page","link":"https:\/\/www.dukas-partizanske.sk\/?page_id=2126","title":{"rendered":"Vo\u013en\u00fd priestor 1. posch"},"content":{"rendered":"\n<div class=\"wp-block-cover alignleft is-light\"><span aria-hidden=\"true\" class=\"wp-block-cover__background has-background-dim\" style=\"background-color:#9b9a98\"><\/span><img fetchpriority=\"high\" decoding=\"async\" width=\"1155\" height=\"2560\" class=\"wp-block-cover__image-background wp-image-2127\" alt=\"\" src=\"https:\/\/www.dukas-partizanske.sk\/wp-content\/uploads\/2024\/09\/IMG_20240917_084658-scaled.jpg\" data-object-fit=\"cover\" srcset=\"https:\/\/www.dukas-partizanske.sk\/wp-content\/uploads\/2024\/09\/IMG_20240917_084658-scaled.jpg 1155w, https:\/\/www.dukas-partizanske.sk\/wp-content\/uploads\/2024\/09\/IMG_20240917_084658-135x300.jpg 135w, https:\/\/www.dukas-partizanske.sk\/wp-content\/uploads\/2024\/09\/IMG_20240917_084658-462x1024.jpg 462w, https:\/\/www.dukas-partizanske.sk\/wp-content\/uploads\/2024\/09\/IMG_20240917_084658-768x1703.jpg 768w, https:\/\/www.dukas-partizanske.sk\/wp-content\/uploads\/2024\/09\/IMG_20240917_084658-693x1536.jpg 693w, https:\/\/www.dukas-partizanske.sk\/wp-content\/uploads\/2024\/09\/IMG_20240917_084658-924x2048.jpg 924w\" sizes=\"(max-width: 1155px) 100vw, 1155px\" \/><div class=\"wp-block-cover__inner-container is-layout-flow wp-block-cover-is-layout-flow\">\n<p class=\"has-text-align-center has-large-font-size\">20 m2<\/p>\n<\/div><\/div>\n\n\n\n<p>Dovo\u013eujeme si V\u00e1m pon\u00faknu\u0165 vo\u013en\u00fd kancel\u00e1rsky priestor v obchodnom centre KASKADA v Partiz\u00e1nskom, ktor\u00fd sa nach\u00e1dza na Hrn\u010dir\u00edkovej ulici. Ve\u013ekos\u0165 priestoru je 20 metrov \u0161tvorcov\u00fdch. Jeho nespornou v\u00fdhodou je klimatiza\u010dn\u00e1 jednotka. <\/p>\n\n\n\n<p><\/p>\n\n\n\n<p><\/p>\n\n\n\n<p><\/p>\n\n\n\n<p><\/p>\n\n\n\n<p><\/p>\n\n\n\n<p><\/p>\n\n\n\n<p><\/p>\n\n\n\n<h3 class=\"wp-block-heading\"><strong>\u0160pecifik\u00e1cie Priestoru:<\/strong><\/h3>\n\n\n\n<ul class=\"wp-block-list\">\n<li><strong>Ve\u013ekos\u0165:<\/strong> 20 m2<\/li>\n\n\n\n<li><strong>Poschodie:<\/strong> 1. poschodie<\/li>\n\n\n\n<li><strong>Orient\u00e1cia:<\/strong>Sever, do parku gen. \u0160tef\u00e1nika<\/li>\n\n\n\n<li><strong>Klimatiza\u010dn\u00e1 jednotka<\/strong><\/li>\n<\/ul>\n\n\n\n<h3 class=\"wp-block-heading\"><strong>Vybavenie:<\/strong><\/h3>\n\n\n\n<ul class=\"wp-block-list\">\n<li><strong>Podlaha:<\/strong> Pl\u00e1vaj\u00faca podlaha<\/li>\n\n\n\n<li><strong>Osvetlenie:<\/strong> Ne\u00f3nov\u00e9 kazetov\u00e9 svietidl\u00e1 zais\u0165uj\u00fa dostatok svetla pre va\u0161e pracovn\u00e9 \u00falohy a vytv\u00e1raj\u00fa pr\u00edjemn\u00fa atmosf\u00e9ru.<\/li>\n\n\n\n<li>Farba stien: z\u00e1kladn\u00e1 biela<\/li>\n\n\n\n<li><\/li>\n<\/ul>\n\n\n\n<h3 class=\"wp-block-heading\"><strong>S\u00fakromie:<\/strong><\/h3>\n\n\n\n<ul class=\"wp-block-list\">\n<li><strong>Poz\u00edcia Priestoru:<\/strong> V\u00fdhodou tohto priestoru je jeho polo\u017eenie, ktor\u00e9 zabezpe\u010duje vysok\u00fa mieru s\u00fakromia. <\/li>\n<\/ul>\n\n\n\n<h3 class=\"wp-block-heading\"><strong>V\u00fdhody Priestoru <\/strong><\/h3>\n\n\n\n<ul class=\"wp-block-list\">\n<li><strong>\u00datuln\u00e9 Pracovn\u00e9 Prostredie:<\/strong> V\u00fdhodou priestoru je poloha priestoru, klimatiza\u010dn\u00e1 jednotka a lokalita budovy<\/li>\n\n\n\n<li><strong>Optim\u00e1lna Ve\u013ekos\u0165:<\/strong> S rozlohou 20 m2 m\u00e1te dostatok priestoru pre efekt\u00edvne fungovanie v\u00e1\u0161ho podnikania.<\/li>\n<\/ul>\n\n\n\n<h3 class=\"wp-block-heading\"><strong>Ide\u00e1lna Vo\u013eba Pre Va\u0161e Podnikanie:<\/strong><\/h3>\n\n\n\n<p>Pre viac inform\u00e1ci\u00ed alebo na zabezpe\u010denie prehliadky tohto kancel\u00e1rskeho priestoru na pren\u00e1jom n\u00e1s nev\u00e1hajte kontaktova\u0165. Te\u0161\u00edme sa na v\u00e1s!<\/p>\n\n\n\n<figure class=\"wp-block-embed is-type-video is-provider-youtube wp-block-embed-youtube wp-embed-aspect-16-9 wp-has-aspect-ratio\"><div class=\"wp-block-embed__wrapper\">\n<iframe title=\"Priestor na pren\u00e1jom, 1. poschodie, Kask\u00e1da 20m\" width=\"843\" height=\"474\" src=\"https:\/\/www.youtube.com\/embed\/6seXb0OnbCQ?feature=oembed\" frameborder=\"0\" allow=\"accelerometer; autoplay; clipboard-write; encrypted-media; gyroscope; picture-in-picture; web-share\" referrerpolicy=\"strict-origin-when-cross-origin\" allowfullscreen><\/iframe>\n<\/div><\/figure>\n\n\n\n<figure class=\"wp-block-gallery has-nested-images columns-default is-cropped wp-block-gallery-1 is-layout-flex wp-block-gallery-is-layout-flex\">\n<figure class=\"wp-block-image size-large\"><img decoding=\"async\" width=\"462\" height=\"1024\" data-id=\"2137\" src=\"https:\/\/www.dukas-partizanske.sk\/wp-content\/uploads\/2024\/09\/IMG_20240917_084812-462x1024.jpg\" alt=\"\" class=\"wp-image-2137\" srcset=\"https:\/\/www.dukas-partizanske.sk\/wp-content\/uploads\/2024\/09\/IMG_20240917_084812-462x1024.jpg 462w, https:\/\/www.dukas-partizanske.sk\/wp-content\/uploads\/2024\/09\/IMG_20240917_084812-135x300.jpg 135w, https:\/\/www.dukas-partizanske.sk\/wp-content\/uploads\/2024\/09\/IMG_20240917_084812-768x1703.jpg 768w, https:\/\/www.dukas-partizanske.sk\/wp-content\/uploads\/2024\/09\/IMG_20240917_084812-693x1536.jpg 693w, https:\/\/www.dukas-partizanske.sk\/wp-content\/uploads\/2024\/09\/IMG_20240917_084812-924x2048.jpg 924w, https:\/\/www.dukas-partizanske.sk\/wp-content\/uploads\/2024\/09\/IMG_20240917_084812-scaled.jpg 1155w\" sizes=\"(max-width: 462px) 100vw, 462px\" \/><figcaption class=\"wp-element-caption\">Priestor na pren\u00e1jom<\/figcaption><\/figure>\n\n\n\n<figure class=\"wp-block-image size-large\"><img decoding=\"async\" width=\"462\" height=\"1024\" data-id=\"2135\" src=\"https:\/\/www.dukas-partizanske.sk\/wp-content\/uploads\/2024\/09\/IMG_20240917_084721-462x1024.jpg\" alt=\"\" class=\"wp-image-2135\" srcset=\"https:\/\/www.dukas-partizanske.sk\/wp-content\/uploads\/2024\/09\/IMG_20240917_084721-462x1024.jpg 462w, https:\/\/www.dukas-partizanske.sk\/wp-content\/uploads\/2024\/09\/IMG_20240917_084721-135x300.jpg 135w, https:\/\/www.dukas-partizanske.sk\/wp-content\/uploads\/2024\/09\/IMG_20240917_084721-768x1703.jpg 768w, https:\/\/www.dukas-partizanske.sk\/wp-content\/uploads\/2024\/09\/IMG_20240917_084721-693x1536.jpg 693w, https:\/\/www.dukas-partizanske.sk\/wp-content\/uploads\/2024\/09\/IMG_20240917_084721-924x2048.jpg 924w, https:\/\/www.dukas-partizanske.sk\/wp-content\/uploads\/2024\/09\/IMG_20240917_084721-scaled.jpg 1155w\" sizes=\"(max-width: 462px) 100vw, 462px\" \/><figcaption class=\"wp-element-caption\">Priestor na pren\u00e1jom<\/figcaption><\/figure>\n\n\n\n<figure class=\"wp-block-image size-large\"><img loading=\"lazy\" decoding=\"async\" width=\"462\" height=\"1024\" data-id=\"2134\" src=\"https:\/\/www.dukas-partizanske.sk\/wp-content\/uploads\/2024\/09\/IMG_20240917_084705-462x1024.jpg\" alt=\"\" class=\"wp-image-2134\" srcset=\"https:\/\/www.dukas-partizanske.sk\/wp-content\/uploads\/2024\/09\/IMG_20240917_084705-462x1024.jpg 462w, https:\/\/www.dukas-partizanske.sk\/wp-content\/uploads\/2024\/09\/IMG_20240917_084705-135x300.jpg 135w, https:\/\/www.dukas-partizanske.sk\/wp-content\/uploads\/2024\/09\/IMG_20240917_084705-768x1703.jpg 768w, https:\/\/www.dukas-partizanske.sk\/wp-content\/uploads\/2024\/09\/IMG_20240917_084705-693x1536.jpg 693w, https:\/\/www.dukas-partizanske.sk\/wp-content\/uploads\/2024\/09\/IMG_20240917_084705-924x2048.jpg 924w, https:\/\/www.dukas-partizanske.sk\/wp-content\/uploads\/2024\/09\/IMG_20240917_084705-scaled.jpg 1155w\" sizes=\"(max-width: 462px) 100vw, 462px\" \/><figcaption class=\"wp-element-caption\">priestor na pren\u00e1jom<\/figcaption><\/figure>\n\n\n\n<figure class=\"wp-block-image size-large\"><img loading=\"lazy\" decoding=\"async\" width=\"462\" height=\"1024\" data-id=\"2131\" src=\"https:\/\/www.dukas-partizanske.sk\/wp-content\/uploads\/2024\/09\/IMG_20240917_084445-462x1024.jpg\" alt=\"\" class=\"wp-image-2131\" srcset=\"https:\/\/www.dukas-partizanske.sk\/wp-content\/uploads\/2024\/09\/IMG_20240917_084445-462x1024.jpg 462w, https:\/\/www.dukas-partizanske.sk\/wp-content\/uploads\/2024\/09\/IMG_20240917_084445-135x300.jpg 135w, https:\/\/www.dukas-partizanske.sk\/wp-content\/uploads\/2024\/09\/IMG_20240917_084445-768x1703.jpg 768w, https:\/\/www.dukas-partizanske.sk\/wp-content\/uploads\/2024\/09\/IMG_20240917_084445-693x1536.jpg 693w, https:\/\/www.dukas-partizanske.sk\/wp-content\/uploads\/2024\/09\/IMG_20240917_084445-924x2048.jpg 924w, https:\/\/www.dukas-partizanske.sk\/wp-content\/uploads\/2024\/09\/IMG_20240917_084445-scaled.jpg 1155w\" sizes=\"(max-width: 462px) 100vw, 462px\" \/><figcaption class=\"wp-element-caption\">Chodba 1 poschodie<\/figcaption><\/figure>\n\n\n\n<figure class=\"wp-block-image size-large\"><img loading=\"lazy\" decoding=\"async\" width=\"462\" height=\"1024\" data-id=\"2130\" src=\"https:\/\/www.dukas-partizanske.sk\/wp-content\/uploads\/2024\/09\/IMG_20240917_084418-462x1024.jpg\" alt=\"\" class=\"wp-image-2130\" srcset=\"https:\/\/www.dukas-partizanske.sk\/wp-content\/uploads\/2024\/09\/IMG_20240917_084418-462x1024.jpg 462w, https:\/\/www.dukas-partizanske.sk\/wp-content\/uploads\/2024\/09\/IMG_20240917_084418-135x300.jpg 135w, https:\/\/www.dukas-partizanske.sk\/wp-content\/uploads\/2024\/09\/IMG_20240917_084418-768x1703.jpg 768w, https:\/\/www.dukas-partizanske.sk\/wp-content\/uploads\/2024\/09\/IMG_20240917_084418-693x1536.jpg 693w, https:\/\/www.dukas-partizanske.sk\/wp-content\/uploads\/2024\/09\/IMG_20240917_084418-924x2048.jpg 924w, https:\/\/www.dukas-partizanske.sk\/wp-content\/uploads\/2024\/09\/IMG_20240917_084418-scaled.jpg 1155w\" sizes=\"(max-width: 462px) 100vw, 462px\" \/><figcaption class=\"wp-element-caption\">Chodba pr\u00edzemie<\/figcaption><\/figure>\n<\/figure>\n","protected":false},"excerpt":{"rendered":"<p>Dovo\u013eujeme si V\u00e1m pon\u00faknu\u0165 vo\u013en\u00fd kancel\u00e1rsky priestor v obchodnom centre KASKADA v Partiz\u00e1nskom, ktor\u00fd sa nach\u00e1dza na Hrn\u010dir\u00edkovej ulici. Ve\u013ekos\u0165 priestoru je 20 metrov \u0161tvorcov\u00fdch.&hellip;<\/p>\n","protected":false},"author":1,"featured_media":2133,"parent":0,"menu_order":0,"comment_status":"closed","ping_status":"closed","template":"","meta":{"footnotes":""},"categories":[218],"tags":[188,219,195,193],"class_list":["post-2126","page","type-page","status-publish","has-post-thumbnail","hentry","category-oc-kaskada-1np","tag-kancelaria","tag-kaskada","tag-prenajom-kancelarskych-priestorov","tag-volne-priestory"],"aioseo_notices":[],"_links":{"self":[{"href":"https:\/\/www.dukas-partizanske.sk\/index.php?rest_route=\/wp\/v2\/pages\/2126","targetHints":{"allow":["GET"]}}],"collection":[{"href":"https:\/\/www.dukas-partizanske.sk\/index.php?rest_route=\/wp\/v2\/pages"}],"about":[{"href":"https:\/\/www.dukas-partizanske.sk\/index.php?rest_route=\/wp\/v2\/types\/page"}],"author":[{"embeddable":true,"href":"https:\/\/www.dukas-partizanske.sk\/index.php?rest_route=\/wp\/v2\/users\/1"}],"replies":[{"embeddable":true,"href":"https:\/\/www.dukas-partizanske.sk\/index.php?rest_route=%2Fwp%2Fv2%2Fcomments&post=2126"}],"version-history":[{"count":2,"href":"https:\/\/www.dukas-partizanske.sk\/index.php?rest_route=\/wp\/v2\/pages\/2126\/revisions"}],"predecessor-version":[{"id":2141,"href":"https:\/\/www.dukas-partizanske.sk\/index.php?rest_route=\/wp\/v2\/pages\/2126\/revisions\/2141"}],"wp:featuredmedia":[{"embeddable":true,"href":"https:\/\/www.dukas-partizanske.sk\/index.php?rest_route=\/wp\/v2\/media\/2133"}],"wp:attachment":[{"href":"https:\/\/www.dukas-partizanske.sk\/index.php?rest_route=%2Fwp%2Fv2%2Fmedia&parent=2126"}],"wp:term":[{"taxonomy":"category","embeddable":true,"href":"https:\/\/www.dukas-partizanske.sk\/index.php?rest_route=%2Fwp%2Fv2%2Fcategories&post=2126"},{"taxonomy":"post_tag","embeddable":true,"href":"https:\/\/www.dukas-partizanske.sk\/index.php?rest_route=%2Fwp%2Fv2%2Ftags&post=2126"}],"curies":[{"name":"wp","href":"https:\/\/api.w.org\/{rel}","templated":true}]}}

Voľný priestor 1. posch

<div class="wp-block-cover alignleft is-light"><span aria-hidden="true" class="wp-block-cover__background has-background-dim" style="background-color:#9b9a98"></span><img fetchpriority="high" decoding="async" width="1155" height="2560" class="wp-block-cover__image-background wp-image-2127" alt="" src="https://www.dukas-partizanske.sk/wp-content/uploads/2024/09/IMG_20240917_084658-scaled.jpg" data-object-fit="cover" srcset="https://www.dukas-partizanske.sk/wp-content/uploads/2024/09/IMG_20240917_084658-scaled.jpg 1155w, https://www.dukas-partizanske.sk/wp-content/uploads/2024/09/IMG_20240917_084658-135x300.jpg 135w, https://www.dukas-partizanske.sk/wp-content/uploads/2024/09/IMG_20240917_084658-462x1024.jpg 462w, https://www.dukas-partizanske.sk/wp-content/uploads/2024/09/IMG_20240917_084658-768x1703.jpg 768w, https://www.dukas-partizanske.sk/wp-content/uploads/2024/09/IMG_20240917_084658-693x1536.jpg 693w, https://www.dukas-partizanske.sk/wp-content/uploads/2024/09/IMG_20240917_084658-924x2048.jpg 924w" sizes="(max-width: 1155px) 100vw, 1155px" /><div class="wp-block-cover__inner-container is-layout-flow wp-block-cover-is-layout-flow">
<p class="has-text-align-center has-large-font-size">20 m2</p>
</div></div>



<p>Dovoľujeme si Vám ponúknuť voľný kancelársky priestor v obchodnom centre KASKADA v Partizánskom, ktorý sa nachádza na Hrnčiríkovej ulici. Veľkosť priestoru je 20 metrov štvorcových. Jeho nespornou výhodou je klimatizačná jednotka. </p>



<p></p>



<p></p>



<p></p>



<p></p>



<p></p>



<p></p>



<p></p>



<h3 class="wp-block-heading"><strong>Špecifikácie Priestoru:</strong></h3>



<ul class="wp-block-list">
<li><strong>Veľkosť:</strong> 20 m2</li>



<li><strong>Poschodie:</strong> 1. poschodie</li>



<li><strong>Orientácia:</strong>Sever, do parku gen. Štefánika</li>



<li><strong>Klimatizačná jednotka</strong></li>
</ul>



<h3 class="wp-block-heading"><strong>Vybavenie:</strong></h3>



<ul class="wp-block-list">
<li><strong>Podlaha:</strong> Plávajúca podlaha</li>



<li><strong>Osvetlenie:</strong> Neónové kazetové svietidlá zaisťujú dostatok svetla pre vaše pracovné úlohy a vytvárajú príjemnú atmosféru.</li>



<li>Farba stien: základná biela</li>



<li></li>
</ul>



<h3 class="wp-block-heading"><strong>Súkromie:</strong></h3>



<ul class="wp-block-list">
<li><strong>Pozícia Priestoru:</strong> Výhodou tohto priestoru je jeho položenie, ktoré zabezpečuje vysokú mieru súkromia. </li>
</ul>



<h3 class="wp-block-heading"><strong>Výhody Priestoru </strong></h3>



<ul class="wp-block-list">
<li><strong>Útulné Pracovné Prostredie:</strong> Výhodou priestoru je poloha priestoru, klimatizačná jednotka a lokalita budovy</li>



<li><strong>Optimálna Veľkosť:</strong> S rozlohou 20 m2 máte dostatok priestoru pre efektívne fungovanie vášho podnikania.</li>
</ul>



<h3 class="wp-block-heading"><strong>Ideálna Voľba Pre Vaše Podnikanie:</strong></h3>



<p>Pre viac informácií alebo na zabezpečenie prehliadky tohto kancelárskeho priestoru na prenájom nás neváhajte kontaktovať. Tešíme sa na vás!</p>



<figure class="wp-block-embed is-type-video is-provider-youtube wp-block-embed-youtube wp-embed-aspect-16-9 wp-has-aspect-ratio"><div class="wp-block-embed__wrapper">
<iframe title="Priestor na prenájom, 1. poschodie, Kaskáda 20m" width="843" height="474" src="https://www.youtube.com/embed/6seXb0OnbCQ?feature=oembed" frameborder="0" allow="accelerometer; autoplay; clipboard-write; encrypted-media; gyroscope; picture-in-picture; web-share" referrerpolicy="strict-origin-when-cross-origin" allowfullscreen></iframe>
</div></figure>



<figure class="wp-block-gallery has-nested-images columns-default is-cropped wp-block-gallery-1 is-layout-flex wp-block-gallery-is-layout-flex">
<figure class="wp-block-image size-large"><img decoding="async" width="462" height="1024" data-id="2137" src="https://www.dukas-partizanske.sk/wp-content/uploads/2024/09/IMG_20240917_084812-462x1024.jpg" alt="" class="wp-image-2137" srcset="https://www.dukas-partizanske.sk/wp-content/uploads/2024/09/IMG_20240917_084812-462x1024.jpg 462w, https://www.dukas-partizanske.sk/wp-content/uploads/2024/09/IMG_20240917_084812-135x300.jpg 135w, https://www.dukas-partizanske.sk/wp-content/uploads/2024/09/IMG_20240917_084812-768x1703.jpg 768w, https://www.dukas-partizanske.sk/wp-content/uploads/2024/09/IMG_20240917_084812-693x1536.jpg 693w, https://www.dukas-partizanske.sk/wp-content/uploads/2024/09/IMG_20240917_084812-924x2048.jpg 924w, https://www.dukas-partizanske.sk/wp-content/uploads/2024/09/IMG_20240917_084812-scaled.jpg 1155w" sizes="(max-width: 462px) 100vw, 462px" /><figcaption class="wp-element-caption">Priestor na prenájom</figcaption></figure>



<figure class="wp-block-image size-large"><img decoding="async" width="462" height="1024" data-id="2135" src="https://www.dukas-partizanske.sk/wp-content/uploads/2024/09/IMG_20240917_084721-462x1024.jpg" alt="" class="wp-image-2135" srcset="https://www.dukas-partizanske.sk/wp-content/uploads/2024/09/IMG_20240917_084721-462x1024.jpg 462w, https://www.dukas-partizanske.sk/wp-content/uploads/2024/09/IMG_20240917_084721-135x300.jpg 135w, https://www.dukas-partizanske.sk/wp-content/uploads/2024/09/IMG_20240917_084721-768x1703.jpg 768w, https://www.dukas-partizanske.sk/wp-content/uploads/2024/09/IMG_20240917_084721-693x1536.jpg 693w, https://www.dukas-partizanske.sk/wp-content/uploads/2024/09/IMG_20240917_084721-924x2048.jpg 924w, https://www.dukas-partizanske.sk/wp-content/uploads/2024/09/IMG_20240917_084721-scaled.jpg 1155w" sizes="(max-width: 462px) 100vw, 462px" /><figcaption class="wp-element-caption">Priestor na prenájom</figcaption></figure>



<figure class="wp-block-image size-large"><img loading="lazy" decoding="async" width="462" height="1024" data-id="2134" src="https://www.dukas-partizanske.sk/wp-content/uploads/2024/09/IMG_20240917_084705-462x1024.jpg" alt="" class="wp-image-2134" srcset="https://www.dukas-partizanske.sk/wp-content/uploads/2024/09/IMG_20240917_084705-462x1024.jpg 462w, https://www.dukas-partizanske.sk/wp-content/uploads/2024/09/IMG_20240917_084705-135x300.jpg 135w, https://www.dukas-partizanske.sk/wp-content/uploads/2024/09/IMG_20240917_084705-768x1703.jpg 768w, https://www.dukas-partizanske.sk/wp-content/uploads/2024/09/IMG_20240917_084705-693x1536.jpg 693w, https://www.dukas-partizanske.sk/wp-content/uploads/2024/09/IMG_20240917_084705-924x2048.jpg 924w, https://www.dukas-partizanske.sk/wp-content/uploads/2024/09/IMG_20240917_084705-scaled.jpg 1155w" sizes="(max-width: 462px) 100vw, 462px" /><figcaption class="wp-element-caption">priestor na prenájom</figcaption></figure>



<figure class="wp-block-image size-large"><img loading="lazy" decoding="async" width="462" height="1024" data-id="2131" src="https://www.dukas-partizanske.sk/wp-content/uploads/2024/09/IMG_20240917_084445-462x1024.jpg" alt="" class="wp-image-2131" srcset="https://www.dukas-partizanske.sk/wp-content/uploads/2024/09/IMG_20240917_084445-462x1024.jpg 462w, https://www.dukas-partizanske.sk/wp-content/uploads/2024/09/IMG_20240917_084445-135x300.jpg 135w, https://www.dukas-partizanske.sk/wp-content/uploads/2024/09/IMG_20240917_084445-768x1703.jpg 768w, https://www.dukas-partizanske.sk/wp-content/uploads/2024/09/IMG_20240917_084445-693x1536.jpg 693w, https://www.dukas-partizanske.sk/wp-content/uploads/2024/09/IMG_20240917_084445-924x2048.jpg 924w, https://www.dukas-partizanske.sk/wp-content/uploads/2024/09/IMG_20240917_084445-scaled.jpg 1155w" sizes="(max-width: 462px) 100vw, 462px" /><figcaption class="wp-element-caption">Chodba 1 poschodie</figcaption></figure>



<figure class="wp-block-image size-large"><img loading="lazy" decoding="async" width="462" height="1024" data-id="2130" src="https://www.dukas-partizanske.sk/wp-content/uploads/2024/09/IMG_20240917_084418-462x1024.jpg" alt="" class="wp-image-2130" srcset="https://www.dukas-partizanske.sk/wp-content/uploads/2024/09/IMG_20240917_084418-462x1024.jpg 462w, https://www.dukas-partizanske.sk/wp-content/uploads/2024/09/IMG_20240917_084418-135x300.jpg 135w, https://www.dukas-partizanske.sk/wp-content/uploads/2024/09/IMG_20240917_084418-768x1703.jpg 768w, https://www.dukas-partizanske.sk/wp-content/uploads/2024/09/IMG_20240917_084418-693x1536.jpg 693w, https://www.dukas-partizanske.sk/wp-content/uploads/2024/09/IMG_20240917_084418-924x2048.jpg 924w, https://www.dukas-partizanske.sk/wp-content/uploads/2024/09/IMG_20240917_084418-scaled.jpg 1155w" sizes="(max-width: 462px) 100vw, 462px" /><figcaption class="wp-element-caption">Chodba prízemie</figcaption></figure>
</figure>

<p>Dovoľujeme si Vám ponúknuť voľný kancelársky priestor v obchodnom centre KASKADA v Partizánskom, ktorý sa nachádza na Hrnčiríkovej ulici. Veľkosť priestoru je 20 metrov štvorcových.&hellip;</p>
