{"id":2092,"date":"2024-03-28T09:29:49","date_gmt":"2024-03-28T08:29:49","guid":{"rendered":"https:\/\/www.dukas-partizanske.sk\/?page_id=2092"},"modified":"2024-03-28T09:31:10","modified_gmt":"2024-03-28T08:31:10","slug":"priestor-c-313","status":"publish","type":"page","link":"https:\/\/www.dukas-partizanske.sk\/?page_id=2092","title":{"rendered":"Priestor \u010d. 313"},"content":{"rendered":"\n<p>H\u013ead\u00e1te kompaktn\u00fd a \u00fatuln\u00fd kancel\u00e1rsky priestor v Partiz\u00e1nskom? Nechajte sa o\u010dari\u0165 na\u0161ou ponukou priestoru \u010d. 313 v Biznis Centre Dukas.<\/p>\n\n\n\n<p><strong>Z\u00e1kladn\u00e9 \u00fadaje:<\/strong><\/p>\n\n\n\n<ul class=\"wp-block-list\">\n<li>Ve\u013ekos\u0165 priestoru: 19 m2<\/li>\n\n\n\n<li>\u00daplne nov\u00e1 pl\u00e1vaj\u00faca podlaha a svie\u017eo vyma\u013eovan\u00e9 biele steny<\/li>\n<\/ul>\n\n\n\n<p><strong>Vlastnosti priestoru:<\/strong><\/p>\n\n\n\n<ul class=\"wp-block-list\">\n<li>Komfortn\u00fd a praktick\u00fd dizajn s d\u00f4razom na efekt\u00edvne vyu\u017eitie ka\u017ed\u00e9ho \u0161tvorcov\u00e9ho metra<\/li>\n\n\n\n<li>Modern\u00e1 pl\u00e1vaj\u00faca podlaha pre pr\u00edjemn\u00fd a profesion\u00e1lny dojem<\/li>\n<\/ul>\n\n\n\n<p><strong>V\u00fdhody:<\/strong><\/p>\n\n\n\n<ul class=\"wp-block-list\">\n<li>Ide\u00e1lna ve\u013ekos\u0165 pre men\u0161ie podniky alebo individu\u00e1lnych podnikate\u013eov<\/li>\n\n\n\n<li>\u010cerstvo vyma\u013eovan\u00fd interi\u00e9r na bielo pre svie\u017ei a modern\u00fd vzh\u013ead<\/li>\n<\/ul>\n\n\n\n<p>Priestor \u010d. 313 je skvelou vo\u013ebou pre t\u00fdch, ktor\u00ed h\u013eadaj\u00fa mal\u00fd, ale efekt\u00edvny pracovn\u00fd priestor. Svojim \u00fatuln\u00fdm a modern\u00fdm dizajnom poskytuje ide\u00e1lne prostredie na realiz\u00e1ciu va\u0161ich obchodn\u00fdch cie\u013eov.<\/p>\n\n\n\n<p>Pre viac inform\u00e1ci\u00ed alebo na rezerv\u00e1ciu si osobn\u00e9ho stretnutia n\u00e1s nev\u00e1hajte kontaktova\u0165 na \u010d\u00edsle 0910 998 521.<\/p>\n\n\n\n<p>Dukas s.r.o. je tu, aby v\u00e1m pomohol n\u00e1js\u0165 ten spr\u00e1vny priestor pre va\u0161e podnikanie!<\/p>\n\n\n\n<figure class=\"wp-block-gallery has-nested-images columns-default is-cropped wp-block-gallery-1 is-layout-flex wp-block-gallery-is-layout-flex\">\n<figure class=\"wp-block-image size-large\"><a href=\"https:\/\/www.dukas-partizanske.sk\/wp-content\/uploads\/2024\/03\/1000003019-scaled.webp\"><img fetchpriority=\"high\" decoding=\"async\" width=\"576\" height=\"1024\" data-id=\"2099\" src=\"https:\/\/www.dukas-partizanske.sk\/wp-content\/uploads\/2024\/03\/1000003019-576x1024.webp\" alt=\"\" class=\"wp-image-2099\" srcset=\"https:\/\/www.dukas-partizanske.sk\/wp-content\/uploads\/2024\/03\/1000003019-576x1024.webp 576w, https:\/\/www.dukas-partizanske.sk\/wp-content\/uploads\/2024\/03\/1000003019-169x300.webp 169w, https:\/\/www.dukas-partizanske.sk\/wp-content\/uploads\/2024\/03\/1000003019-768x1365.webp 768w, https:\/\/www.dukas-partizanske.sk\/wp-content\/uploads\/2024\/03\/1000003019-864x1536.webp 864w, https:\/\/www.dukas-partizanske.sk\/wp-content\/uploads\/2024\/03\/1000003019-1153x2048.webp 1153w, https:\/\/www.dukas-partizanske.sk\/wp-content\/uploads\/2024\/03\/1000003019-scaled.webp 1441w\" sizes=\"(max-width: 576px) 100vw, 576px\" \/><\/a><\/figure>\n\n\n\n<figure class=\"wp-block-image size-large\"><a href=\"https:\/\/www.dukas-partizanske.sk\/wp-content\/uploads\/2024\/03\/1000003018-scaled.webp\"><img decoding=\"async\" width=\"1024\" height=\"577\" data-id=\"2100\" src=\"https:\/\/www.dukas-partizanske.sk\/wp-content\/uploads\/2024\/03\/1000003018-1024x577.webp\" alt=\"\" class=\"wp-image-2100\" srcset=\"https:\/\/www.dukas-partizanske.sk\/wp-content\/uploads\/2024\/03\/1000003018-1024x577.webp 1024w, https:\/\/www.dukas-partizanske.sk\/wp-content\/uploads\/2024\/03\/1000003018-300x169.webp 300w, https:\/\/www.dukas-partizanske.sk\/wp-content\/uploads\/2024\/03\/1000003018-768x433.webp 768w, https:\/\/www.dukas-partizanske.sk\/wp-content\/uploads\/2024\/03\/1000003018-1536x866.webp 1536w, https:\/\/www.dukas-partizanske.sk\/wp-content\/uploads\/2024\/03\/1000003018-2048x1155.webp 2048w\" sizes=\"(max-width: 1024px) 100vw, 1024px\" \/><\/a><\/figure>\n<\/figure>\n","protected":false},"excerpt":{"rendered":"<p>H\u013ead\u00e1te kompaktn\u00fd a \u00fatuln\u00fd kancel\u00e1rsky priestor v Partiz\u00e1nskom? Nechajte sa o\u010dari\u0165 na\u0161ou ponukou priestoru \u010d. 313 v Biznis Centre Dukas. Z\u00e1kladn\u00e9 \u00fadaje: Vlastnosti priestoru: V\u00fdhody:&hellip;<\/p>\n","protected":false},"author":1,"featured_media":2100,"parent":0,"menu_order":0,"comment_status":"closed","ping_status":"closed","template":"","meta":{"footnotes":""},"categories":[185],"tags":[186,188,193],"class_list":["post-2092","page","type-page","status-publish","has-post-thumbnail","hentry","category-biznis-centrum-3-poschodie","tag-biznis-centrum-dukas","tag-kancelaria","tag-volne-priestory"],"aioseo_notices":[],"_links":{"self":[{"href":"https:\/\/www.dukas-partizanske.sk\/index.php?rest_route=\/wp\/v2\/pages\/2092","targetHints":{"allow":["GET"]}}],"collection":[{"href":"https:\/\/www.dukas-partizanske.sk\/index.php?rest_route=\/wp\/v2\/pages"}],"about":[{"href":"https:\/\/www.dukas-partizanske.sk\/index.php?rest_route=\/wp\/v2\/types\/page"}],"author":[{"embeddable":true,"href":"https:\/\/www.dukas-partizanske.sk\/index.php?rest_route=\/wp\/v2\/users\/1"}],"replies":[{"embeddable":true,"href":"https:\/\/www.dukas-partizanske.sk\/index.php?rest_route=%2Fwp%2Fv2%2Fcomments&post=2092"}],"version-history":[{"count":2,"href":"https:\/\/www.dukas-partizanske.sk\/index.php?rest_route=\/wp\/v2\/pages\/2092\/revisions"}],"predecessor-version":[{"id":2102,"href":"https:\/\/www.dukas-partizanske.sk\/index.php?rest_route=\/wp\/v2\/pages\/2092\/revisions\/2102"}],"wp:featuredmedia":[{"embeddable":true,"href":"https:\/\/www.dukas-partizanske.sk\/index.php?rest_route=\/wp\/v2\/media\/2100"}],"wp:attachment":[{"href":"https:\/\/www.dukas-partizanske.sk\/index.php?rest_route=%2Fwp%2Fv2%2Fmedia&parent=2092"}],"wp:term":[{"taxonomy":"category","embeddable":true,"href":"https:\/\/www.dukas-partizanske.sk\/index.php?rest_route=%2Fwp%2Fv2%2Fcategories&post=2092"},{"taxonomy":"post_tag","embeddable":true,"href":"https:\/\/www.dukas-partizanske.sk\/index.php?rest_route=%2Fwp%2Fv2%2Ftags&post=2092"}],"curies":[{"name":"wp","href":"https:\/\/api.w.org\/{rel}","templated":true}]}}