{"id":1682,"date":"2024-02-29T08:12:56","date_gmt":"2024-02-29T07:12:56","guid":{"rendered":"https:\/\/www.dukas-partizanske.sk\/?page_id=1682"},"modified":"2024-02-29T16:40:40","modified_gmt":"2024-02-29T15:40:40","slug":"priestor-c-204","status":"publish","type":"page","link":"https:\/\/www.dukas-partizanske.sk\/?page_id=1682","title":{"rendered":"Priestor \u010d. 204"},"content":{"rendered":"\n<div class=\"wp-block-cover\"><span aria-hidden=\"true\" class=\"wp-block-cover__background has-background-dim\"><\/span><img fetchpriority=\"high\" decoding=\"async\" width=\"1024\" height=\"597\" class=\"wp-block-cover__image-background wp-image-1683\" alt=\"\" src=\"https:\/\/www.dukas-partizanske.sk\/wp-content\/uploads\/2024\/02\/PANO_20240228_110411-1024x597.jpg\" data-object-fit=\"cover\" srcset=\"https:\/\/www.dukas-partizanske.sk\/wp-content\/uploads\/2024\/02\/PANO_20240228_110411-1024x597.jpg 1024w, https:\/\/www.dukas-partizanske.sk\/wp-content\/uploads\/2024\/02\/PANO_20240228_110411-300x175.jpg 300w, https:\/\/www.dukas-partizanske.sk\/wp-content\/uploads\/2024\/02\/PANO_20240228_110411-768x448.jpg 768w, https:\/\/www.dukas-partizanske.sk\/wp-content\/uploads\/2024\/02\/PANO_20240228_110411-1536x896.jpg 1536w, https:\/\/www.dukas-partizanske.sk\/wp-content\/uploads\/2024\/02\/PANO_20240228_110411-2048x1194.jpg 2048w\" sizes=\"(max-width: 1024px) 100vw, 1024px\" \/><div class=\"wp-block-cover__inner-container is-layout-flow wp-block-cover-is-layout-flow\">\n<p class=\"has-text-align-center has-large-font-size\">25 m<sup>2<\/sup><\/p>\n<\/div><\/div>\n\n\n\n<p>Na\u0161a ponuka zah\u0155\u0148a aj priestor \u010d. 204 v Biznis Centre Dukas. Tento \u00fatuln\u00fd kancel\u00e1rsky priestor s rozlohou 25 m2 je dostupn\u00fd na 2. poschod\u00ed z troch.<\/p>\n\n\n\n<p><strong>Vlastnosti priestoru:<\/strong><\/p>\n\n\n\n<ul class=\"wp-block-list\">\n<li>\u00daplne nov\u00e1 pl\u00e1vaj\u00faca podlaha pre dokonal\u00fd komfort<\/li>\n\n\n\n<li>\u010cerstvo vyma\u013eovan\u00e9 na bielo, \u010do dod\u00e1va priestoru svie\u017ei a profesion\u00e1lny vzh\u013ead<\/li>\n\n\n\n<li>Horizont\u00e1lne \u017eal\u00fazie zabezpe\u010duj\u00face optim\u00e1lne mno\u017estvo svetla a s\u00fakromia<\/li>\n<\/ul>\n\n\n\n<p><strong>V\u00fdhody:<\/strong><\/p>\n\n\n\n<ul class=\"wp-block-list\">\n<li>V\u00fdborn\u00e1 lokalita v srdci Partiz\u00e1nskeho<\/li>\n\n\n\n<li>Bl\u00edzkos\u0165 vysokej ob\u010dianskej vybavenosti a bankov\u00fdch in\u0161tit\u00faci\u00ed<\/li>\n\n\n\n<li>Bezbari\u00e9rov\u00fd pr\u00edstup a modern\u00e9 bezpe\u010dnostn\u00e9 opatrenia<\/li>\n<\/ul>\n\n\n\n<p>Tento priestor je pripraven\u00fd na okam\u017eit\u00e9 nas\u0165ahovanie, \u010dak\u00e1 len na va\u0161u kreativitu a podnikate\u013esk\u00e9 v\u00edzie! Nezme\u0161kajte t\u00fato jedine\u010dn\u00fa pr\u00edle\u017eitos\u0165 na zabezpe\u010denie si ide\u00e1lneho pracovn\u00e9ho prostredia.<\/p>\n\n\n\n<p>Pre viac inform\u00e1ci\u00ed alebo na rezerv\u00e1ciu si osobn\u00e9ho stretnutia n\u00e1s nev\u00e1hajte kontaktova\u0165 na \u010d\u00edsle 0910 998 521. Dukas s.r.o. je tu, aby v\u00e1m pomohol dosiahnu\u0165 va\u0161e obchodn\u00e9 ciele!<\/p>\n\n\n\n<figure class=\"wp-block-video\"><video height=\"1080\" style=\"aspect-ratio: 1920 \/ 1080;\" width=\"1920\" autoplay controls loop preload=\"auto\" src=\"https:\/\/www.dukas-partizanske.sk\/wp-content\/uploads\/2024\/02\/VID_20240228_110503.mp4\"><track src=\"https:\/\/www.dukas-partizanske.sk\/wp-content\/uploads\/2024\/02\/Hladate-idealne-prac.m4a\" label=\"Angli\u010dtina\" srclang=\"en\" kind=\"subtitles\"\/><\/video><\/figure>\n\n\n\n<figure class=\"wp-block-gallery has-nested-images columns-default is-cropped wp-block-gallery-1 is-layout-flex wp-block-gallery-is-layout-flex\">\n<figure class=\"wp-block-image size-large\"><a href=\"https:\/\/www.dukas-partizanske.sk\/wp-content\/uploads\/2024\/02\/IMG_20240228_110241-scaled.jpg\"><img decoding=\"async\" width=\"576\" height=\"1024\" data-id=\"1685\" src=\"https:\/\/www.dukas-partizanske.sk\/wp-content\/uploads\/2024\/02\/IMG_20240228_110241-576x1024.jpg\" alt=\"\" class=\"wp-image-1685\" srcset=\"https:\/\/www.dukas-partizanske.sk\/wp-content\/uploads\/2024\/02\/IMG_20240228_110241-576x1024.jpg 576w, https:\/\/www.dukas-partizanske.sk\/wp-content\/uploads\/2024\/02\/IMG_20240228_110241-169x300.jpg 169w, https:\/\/www.dukas-partizanske.sk\/wp-content\/uploads\/2024\/02\/IMG_20240228_110241-768x1365.jpg 768w, https:\/\/www.dukas-partizanske.sk\/wp-content\/uploads\/2024\/02\/IMG_20240228_110241-864x1536.jpg 864w, https:\/\/www.dukas-partizanske.sk\/wp-content\/uploads\/2024\/02\/IMG_20240228_110241-1153x2048.jpg 1153w, https:\/\/www.dukas-partizanske.sk\/wp-content\/uploads\/2024\/02\/IMG_20240228_110241-scaled.jpg 1441w\" sizes=\"(max-width: 576px) 100vw, 576px\" \/><\/a><\/figure>\n\n\n\n<figure class=\"wp-block-image size-large\"><a href=\"https:\/\/www.dukas-partizanske.sk\/wp-content\/uploads\/2024\/02\/IMG_20240228_110321-scaled.jpg\"><img decoding=\"async\" width=\"576\" height=\"1024\" data-id=\"1687\" src=\"https:\/\/www.dukas-partizanske.sk\/wp-content\/uploads\/2024\/02\/IMG_20240228_110321-576x1024.jpg\" alt=\"\" class=\"wp-image-1687\" srcset=\"https:\/\/www.dukas-partizanske.sk\/wp-content\/uploads\/2024\/02\/IMG_20240228_110321-576x1024.jpg 576w, https:\/\/www.dukas-partizanske.sk\/wp-content\/uploads\/2024\/02\/IMG_20240228_110321-169x300.jpg 169w, https:\/\/www.dukas-partizanske.sk\/wp-content\/uploads\/2024\/02\/IMG_20240228_110321-768x1365.jpg 768w, https:\/\/www.dukas-partizanske.sk\/wp-content\/uploads\/2024\/02\/IMG_20240228_110321-864x1536.jpg 864w, https:\/\/www.dukas-partizanske.sk\/wp-content\/uploads\/2024\/02\/IMG_20240228_110321-1153x2048.jpg 1153w, https:\/\/www.dukas-partizanske.sk\/wp-content\/uploads\/2024\/02\/IMG_20240228_110321-scaled.jpg 1441w\" sizes=\"(max-width: 576px) 100vw, 576px\" \/><\/a><\/figure>\n\n\n\n<figure class=\"wp-block-image size-large\"><a href=\"https:\/\/www.dukas-partizanske.sk\/wp-content\/uploads\/2024\/02\/IMG_20240228_110324-scaled.jpg\"><img loading=\"lazy\" decoding=\"async\" width=\"576\" height=\"1024\" data-id=\"1689\" src=\"https:\/\/www.dukas-partizanske.sk\/wp-content\/uploads\/2024\/02\/IMG_20240228_110324-576x1024.jpg\" alt=\"\" class=\"wp-image-1689\" srcset=\"https:\/\/www.dukas-partizanske.sk\/wp-content\/uploads\/2024\/02\/IMG_20240228_110324-576x1024.jpg 576w, https:\/\/www.dukas-partizanske.sk\/wp-content\/uploads\/2024\/02\/IMG_20240228_110324-169x300.jpg 169w, https:\/\/www.dukas-partizanske.sk\/wp-content\/uploads\/2024\/02\/IMG_20240228_110324-768x1365.jpg 768w, https:\/\/www.dukas-partizanske.sk\/wp-content\/uploads\/2024\/02\/IMG_20240228_110324-864x1536.jpg 864w, https:\/\/www.dukas-partizanske.sk\/wp-content\/uploads\/2024\/02\/IMG_20240228_110324-1153x2048.jpg 1153w, https:\/\/www.dukas-partizanske.sk\/wp-content\/uploads\/2024\/02\/IMG_20240228_110324-scaled.jpg 1441w\" sizes=\"(max-width: 576px) 100vw, 576px\" \/><\/a><\/figure>\n\n\n\n<figure class=\"wp-block-image size-large\"><a href=\"https:\/\/www.dukas-partizanske.sk\/wp-content\/uploads\/2024\/02\/IMG_20240228_110329-scaled.jpg\"><img loading=\"lazy\" decoding=\"async\" width=\"576\" height=\"1024\" data-id=\"1688\" src=\"https:\/\/www.dukas-partizanske.sk\/wp-content\/uploads\/2024\/02\/IMG_20240228_110329-576x1024.jpg\" alt=\"\" class=\"wp-image-1688\" srcset=\"https:\/\/www.dukas-partizanske.sk\/wp-content\/uploads\/2024\/02\/IMG_20240228_110329-576x1024.jpg 576w, https:\/\/www.dukas-partizanske.sk\/wp-content\/uploads\/2024\/02\/IMG_20240228_110329-169x300.jpg 169w, https:\/\/www.dukas-partizanske.sk\/wp-content\/uploads\/2024\/02\/IMG_20240228_110329-768x1365.jpg 768w, https:\/\/www.dukas-partizanske.sk\/wp-content\/uploads\/2024\/02\/IMG_20240228_110329-864x1536.jpg 864w, https:\/\/www.dukas-partizanske.sk\/wp-content\/uploads\/2024\/02\/IMG_20240228_110329-1153x2048.jpg 1153w, https:\/\/www.dukas-partizanske.sk\/wp-content\/uploads\/2024\/02\/IMG_20240228_110329-scaled.jpg 1441w\" sizes=\"(max-width: 576px) 100vw, 576px\" \/><\/a><\/figure>\n\n\n\n<figure class=\"wp-block-image size-large\"><a href=\"https:\/\/www.dukas-partizanske.sk\/wp-content\/uploads\/2024\/02\/IMG_20240228_110345-scaled.jpg\"><img loading=\"lazy\" decoding=\"async\" width=\"577\" height=\"1024\" data-id=\"1686\" src=\"https:\/\/www.dukas-partizanske.sk\/wp-content\/uploads\/2024\/02\/IMG_20240228_110345-577x1024.jpg\" alt=\"\" class=\"wp-image-1686\" srcset=\"https:\/\/www.dukas-partizanske.sk\/wp-content\/uploads\/2024\/02\/IMG_20240228_110345-577x1024.jpg 577w, https:\/\/www.dukas-partizanske.sk\/wp-content\/uploads\/2024\/02\/IMG_20240228_110345-169x300.jpg 169w, https:\/\/www.dukas-partizanske.sk\/wp-content\/uploads\/2024\/02\/IMG_20240228_110345-768x1362.jpg 768w, https:\/\/www.dukas-partizanske.sk\/wp-content\/uploads\/2024\/02\/IMG_20240228_110345-866x1536.jpg 866w, https:\/\/www.dukas-partizanske.sk\/wp-content\/uploads\/2024\/02\/IMG_20240228_110345-1155x2048.jpg 1155w, https:\/\/www.dukas-partizanske.sk\/wp-content\/uploads\/2024\/02\/IMG_20240228_110345-scaled.jpg 1443w\" sizes=\"(max-width: 577px) 100vw, 577px\" \/><\/a><\/figure>\n\n\n\n<figure class=\"wp-block-image size-large\"><a href=\"https:\/\/www.dukas-partizanske.sk\/wp-content\/uploads\/2024\/02\/PANO_20240228_110411-1-scaled.jpg\"><img loading=\"lazy\" decoding=\"async\" width=\"1024\" height=\"597\" data-id=\"1690\" src=\"https:\/\/www.dukas-partizanske.sk\/wp-content\/uploads\/2024\/02\/PANO_20240228_110411-1-1024x597.jpg\" alt=\"\" class=\"wp-image-1690\" srcset=\"https:\/\/www.dukas-partizanske.sk\/wp-content\/uploads\/2024\/02\/PANO_20240228_110411-1-1024x597.jpg 1024w, https:\/\/www.dukas-partizanske.sk\/wp-content\/uploads\/2024\/02\/PANO_20240228_110411-1-300x175.jpg 300w, https:\/\/www.dukas-partizanske.sk\/wp-content\/uploads\/2024\/02\/PANO_20240228_110411-1-768x448.jpg 768w, https:\/\/www.dukas-partizanske.sk\/wp-content\/uploads\/2024\/02\/PANO_20240228_110411-1-1536x896.jpg 1536w, https:\/\/www.dukas-partizanske.sk\/wp-content\/uploads\/2024\/02\/PANO_20240228_110411-1-2048x1194.jpg 2048w\" sizes=\"(max-width: 1024px) 100vw, 1024px\" \/><\/a><\/figure>\n<\/figure>\n","protected":false},"excerpt":{"rendered":"<p>Na\u0161a ponuka zah\u0155\u0148a aj priestor \u010d. 204 v Biznis Centre Dukas. Tento \u00fatuln\u00fd kancel\u00e1rsky priestor s rozlohou 25 m2 je dostupn\u00fd na 2. poschod\u00ed z&hellip;<\/p>\n","protected":false},"author":1,"featured_media":1690,"parent":0,"menu_order":0,"comment_status":"closed","ping_status":"closed","template":"","meta":{"footnotes":""},"categories":[184],"tags":[186,187,188],"class_list":["post-1682","page","type-page","status-publish","has-post-thumbnail","hentry","category-biznis-centrum-2-poschodie","tag-biznis-centrum-dukas","tag-dukas","tag-kancelaria"],"aioseo_notices":[],"_links":{"self":[{"href":"https:\/\/www.dukas-partizanske.sk\/index.php?rest_route=\/wp\/v2\/pages\/1682","targetHints":{"allow":["GET"]}}],"collection":[{"href":"https:\/\/www.dukas-partizanske.sk\/index.php?rest_route=\/wp\/v2\/pages"}],"about":[{"href":"https:\/\/www.dukas-partizanske.sk\/index.php?rest_route=\/wp\/v2\/types\/page"}],"author":[{"embeddable":true,"href":"https:\/\/www.dukas-partizanske.sk\/index.php?rest_route=\/wp\/v2\/users\/1"}],"replies":[{"embeddable":true,"href":"https:\/\/www.dukas-partizanske.sk\/index.php?rest_route=%2Fwp%2Fv2%2Fcomments&post=1682"}],"version-history":[{"count":2,"href":"https:\/\/www.dukas-partizanske.sk\/index.php?rest_route=\/wp\/v2\/pages\/1682\/revisions"}],"predecessor-version":[{"id":1715,"href":"https:\/\/www.dukas-partizanske.sk\/index.php?rest_route=\/wp\/v2\/pages\/1682\/revisions\/1715"}],"wp:featuredmedia":[{"embeddable":true,"href":"https:\/\/www.dukas-partizanske.sk\/index.php?rest_route=\/wp\/v2\/media\/1690"}],"wp:attachment":[{"href":"https:\/\/www.dukas-partizanske.sk\/index.php?rest_route=%2Fwp%2Fv2%2Fmedia&parent=1682"}],"wp:term":[{"taxonomy":"category","embeddable":true,"href":"https:\/\/www.dukas-partizanske.sk\/index.php?rest_route=%2Fwp%2Fv2%2Fcategories&post=1682"},{"taxonomy":"post_tag","embeddable":true,"href":"https:\/\/www.dukas-partizanske.sk\/index.php?rest_route=%2Fwp%2Fv2%2Ftags&post=1682"}],"curies":[{"name":"wp","href":"https:\/\/api.w.org\/{rel}","templated":true}]}}