{"id":1579,"date":"2024-02-26T17:29:36","date_gmt":"2024-02-26T16:29:36","guid":{"rendered":"https:\/\/www.dukas-partizanske.sk\/?page_id=1579"},"modified":"2024-09-17T16:12:28","modified_gmt":"2024-09-17T14:12:28","slug":"priestor-c-106","status":"publish","type":"page","link":"https:\/\/www.dukas-partizanske.sk\/?page_id=1579","title":{"rendered":"Priestor \u010d. 106"},"content":{"rendered":"\n<div class=\"wp-block-cover alignleft\"><span aria-hidden=\"true\" class=\"wp-block-cover__background has-background-dim\"><\/span><img fetchpriority=\"high\" decoding=\"async\" width=\"1024\" height=\"456\" class=\"wp-block-cover__image-background wp-image-1559\" alt=\"\" src=\"https:\/\/www.dukas-partizanske.sk\/wp-content\/uploads\/2024\/02\/PANO_20231211_103220-1024x456.jpg\" data-object-fit=\"cover\" srcset=\"https:\/\/www.dukas-partizanske.sk\/wp-content\/uploads\/2024\/02\/PANO_20231211_103220-1024x456.jpg 1024w, https:\/\/www.dukas-partizanske.sk\/wp-content\/uploads\/2024\/02\/PANO_20231211_103220-300x134.jpg 300w, https:\/\/www.dukas-partizanske.sk\/wp-content\/uploads\/2024\/02\/PANO_20231211_103220-768x342.jpg 768w, https:\/\/www.dukas-partizanske.sk\/wp-content\/uploads\/2024\/02\/PANO_20231211_103220-1536x684.jpg 1536w, https:\/\/www.dukas-partizanske.sk\/wp-content\/uploads\/2024\/02\/PANO_20231211_103220-2048x911.jpg 2048w\" sizes=\"(max-width: 1024px) 100vw, 1024px\" \/><div class=\"wp-block-cover__inner-container is-layout-flow wp-block-cover-is-layout-flow\">\n<p class=\"has-text-align-center has-large-font-size\">34 m2<\/p>\n<\/div><\/div>\n\n\n\n<p>Vitajte v priestore \u010d. 106 v Biznis Centre Dukas, skvelom mieste pre v\u00e1\u0161 kancel\u00e1rsky \u017eivot. Tento kancel\u00e1rsky priestor s rozlohou 34 m2 sa nach\u00e1dza na prvom poschod\u00ed budovy, pon\u00fakaj\u00fac v\u00e1m ide\u00e1lne pracovn\u00e9 prostredie so v\u0161etk\u00fdm, \u010do potrebujete.<\/p>\n\n\n\n<p><\/p>\n\n\n\n<p><\/p>\n\n\n\n<p><\/p>\n\n\n\n<p><\/p>\n\n\n\n<p><\/p>\n\n\n\n<p><\/p>\n\n\n\n<p><\/p>\n\n\n\n<h3 class=\"wp-block-heading\"><strong>\u0160pecifik\u00e1cie Priestoru:<\/strong><\/h3>\n\n\n\n<ul class=\"wp-block-list\">\n<li><strong>Ve\u013ekos\u0165:<\/strong> 34 m2<\/li>\n\n\n\n<li><strong>Poschodie:<\/strong> 1. poschodie<\/li>\n\n\n\n<li><strong>Orient\u00e1cia:<\/strong> Sever, \u010do zabezpe\u010duje pr\u00edjemn\u00e9 svetlo a optim\u00e1lny pracovn\u00fd komfort.<\/li>\n<\/ul>\n\n\n\n<h3 class=\"wp-block-heading\"><strong>Vybavenie:<\/strong><\/h3>\n\n\n\n<ul class=\"wp-block-list\">\n<li><strong>Podlaha:<\/strong> Pl\u00e1vaj\u00faca podlaha, ktor\u00e1 dod\u00e1va priestoru elegantn\u00fd a profesion\u00e1lny vzh\u013ead.<\/li>\n\n\n\n<li><strong>Osvetlenie:<\/strong> Ne\u00f3nov\u00e9 kazetov\u00e9 svietidl\u00e1 zais\u0165uj\u00fa dostatok svetla pre va\u0161e pracovn\u00e9 \u00falohy a vytv\u00e1raj\u00fa pr\u00edjemn\u00fa atmosf\u00e9ru.<\/li>\n<\/ul>\n\n\n\n<h3 class=\"wp-block-heading\"><strong>S\u00fakromie:<\/strong><\/h3>\n\n\n\n<ul class=\"wp-block-list\">\n<li><strong>Poz\u00edcia Priestoru:<\/strong> V\u00fdhodou tohto priestoru je jeho polo\u017eenie, ktor\u00e9 zabezpe\u010duje vysok\u00fa mieru s\u00fakromia. Absencia presklen\u00fdch stien v\u00e1m umo\u017e\u0148uje s\u00fastredi\u0165 sa na pr\u00e1cu bez ru\u0161enia.<\/li>\n<\/ul>\n\n\n\n<h3 class=\"wp-block-heading\"><strong>V\u00fdhody Priestoru \u010d. 106:<\/strong><\/h3>\n\n\n\n<ul class=\"wp-block-list\">\n<li><strong>\u00datuln\u00e9 Pracovn\u00e9 Prostredie:<\/strong> Priestor je navrhnut\u00fd tak, aby poskytoval ide\u00e1lne pracovn\u00e9 prostredie pre v\u00e1\u0161 t\u00edm.<\/li>\n\n\n\n<li><strong>Optim\u00e1lna Ve\u013ekos\u0165:<\/strong> S rozlohou 34 m2 m\u00e1te dostatok priestoru pre efekt\u00edvne fungovanie v\u00e1\u0161ho podnikania.<\/li>\n<\/ul>\n\n\n\n<h3 class=\"wp-block-heading\"><strong>Ide\u00e1lna Vo\u013eba Pre Va\u0161e Podnikanie:<\/strong><\/h3>\n\n\n\n<p>Priestor \u010d. 106 v\u00e1m pon\u00faka \u0161t\u00fdlov\u00e9 a s\u00fakromn\u00e9 pracovn\u00e9 prostredie, ide\u00e1lne pre v\u00e1\u0161 rast\u00faci podnik. Pre viac inform\u00e1ci\u00ed alebo na zabezpe\u010denie prehliadky n\u00e1s nev\u00e1hajte kontaktova\u0165. Te\u0161\u00edme sa na v\u00e1s!<\/p>\n\n\n\n<figure class=\"wp-block-embed is-type-video is-provider-youtube wp-block-embed-youtube wp-embed-aspect-4-3 wp-has-aspect-ratio\"><div class=\"wp-block-embed__wrapper\">\n<iframe title=\"Priestor \u010d. 106\" width=\"843\" height=\"632\" src=\"https:\/\/www.youtube.com\/embed\/72NDsl40xi8?feature=oembed\" frameborder=\"0\" allow=\"accelerometer; autoplay; clipboard-write; encrypted-media; gyroscope; picture-in-picture; web-share\" allowfullscreen><\/iframe>\n<\/div><\/figure>\n\n\n\n<figure class=\"wp-block-gallery has-nested-images columns-default is-cropped wp-block-gallery-1 is-layout-flex wp-block-gallery-is-layout-flex\">\n<figure class=\"wp-block-image size-large\"><a href=\"https:\/\/www.dukas-partizanske.sk\/wp-content\/uploads\/2024\/02\/IMG_20231211_103258-scaled.jpg\"><img decoding=\"async\" width=\"576\" height=\"1024\" data-id=\"1557\" src=\"https:\/\/www.dukas-partizanske.sk\/wp-content\/uploads\/2024\/02\/IMG_20231211_103258-576x1024.jpg\" alt=\"\" class=\"wp-image-1557\" srcset=\"https:\/\/www.dukas-partizanske.sk\/wp-content\/uploads\/2024\/02\/IMG_20231211_103258-576x1024.jpg 576w, https:\/\/www.dukas-partizanske.sk\/wp-content\/uploads\/2024\/02\/IMG_20231211_103258-169x300.jpg 169w, https:\/\/www.dukas-partizanske.sk\/wp-content\/uploads\/2024\/02\/IMG_20231211_103258-768x1365.jpg 768w, https:\/\/www.dukas-partizanske.sk\/wp-content\/uploads\/2024\/02\/IMG_20231211_103258-864x1536.jpg 864w, https:\/\/www.dukas-partizanske.sk\/wp-content\/uploads\/2024\/02\/IMG_20231211_103258-1153x2048.jpg 1153w, https:\/\/www.dukas-partizanske.sk\/wp-content\/uploads\/2024\/02\/IMG_20231211_103258-scaled.jpg 1441w\" sizes=\"(max-width: 576px) 100vw, 576px\" \/><\/a><figcaption class=\"wp-element-caption\">34 m2<\/figcaption><\/figure>\n\n\n\n<figure class=\"wp-block-image size-large\"><a href=\"https:\/\/www.dukas-partizanske.sk\/wp-content\/uploads\/2024\/02\/PANO_20231211_103220-scaled.jpg\"><img decoding=\"async\" width=\"1024\" height=\"456\" data-id=\"1559\" src=\"https:\/\/www.dukas-partizanske.sk\/wp-content\/uploads\/2024\/02\/PANO_20231211_103220-1024x456.jpg\" alt=\"\" class=\"wp-image-1559\" srcset=\"https:\/\/www.dukas-partizanske.sk\/wp-content\/uploads\/2024\/02\/PANO_20231211_103220-1024x456.jpg 1024w, https:\/\/www.dukas-partizanske.sk\/wp-content\/uploads\/2024\/02\/PANO_20231211_103220-300x134.jpg 300w, https:\/\/www.dukas-partizanske.sk\/wp-content\/uploads\/2024\/02\/PANO_20231211_103220-768x342.jpg 768w, https:\/\/www.dukas-partizanske.sk\/wp-content\/uploads\/2024\/02\/PANO_20231211_103220-1536x684.jpg 1536w, https:\/\/www.dukas-partizanske.sk\/wp-content\/uploads\/2024\/02\/PANO_20231211_103220-2048x911.jpg 2048w\" sizes=\"(max-width: 1024px) 100vw, 1024px\" \/><\/a><figcaption class=\"wp-element-caption\">34 m2<\/figcaption><\/figure>\n\n\n\n<figure class=\"wp-block-image size-large\"><a href=\"https:\/\/www.dukas-partizanske.sk\/wp-content\/uploads\/2024\/02\/1639729396323-scaled.jpg\"><img loading=\"lazy\" decoding=\"async\" width=\"1024\" height=\"472\" data-id=\"1580\" src=\"https:\/\/www.dukas-partizanske.sk\/wp-content\/uploads\/2024\/02\/1639729396323-1024x472.jpg\" alt=\"\" class=\"wp-image-1580\" srcset=\"https:\/\/www.dukas-partizanske.sk\/wp-content\/uploads\/2024\/02\/1639729396323-1024x472.jpg 1024w, https:\/\/www.dukas-partizanske.sk\/wp-content\/uploads\/2024\/02\/1639729396323-300x138.jpg 300w, https:\/\/www.dukas-partizanske.sk\/wp-content\/uploads\/2024\/02\/1639729396323-768x354.jpg 768w, https:\/\/www.dukas-partizanske.sk\/wp-content\/uploads\/2024\/02\/1639729396323-1536x708.jpg 1536w, https:\/\/www.dukas-partizanske.sk\/wp-content\/uploads\/2024\/02\/1639729396323-2048x944.jpg 2048w\" sizes=\"(max-width: 1024px) 100vw, 1024px\" \/><\/a><figcaption class=\"wp-element-caption\">34 m2<\/figcaption><\/figure>\n<\/figure>\n","protected":false},"excerpt":{"rendered":"<p>Vitajte v priestore \u010d. 106 v Biznis Centre Dukas, skvelom mieste pre v\u00e1\u0161 kancel\u00e1rsky \u017eivot. Tento kancel\u00e1rsky priestor s rozlohou 34 m2 sa nach\u00e1dza na&hellip;<\/p>\n","protected":false},"author":1,"featured_media":1559,"parent":0,"menu_order":0,"comment_status":"closed","ping_status":"closed","template":"","meta":{"footnotes":""},"categories":[183],"tags":[186,187,188,189],"class_list":["post-1579","page","type-page","status-publish","has-post-thumbnail","hentry","category-biznis-centrum-1-poschodie","tag-biznis-centrum-dukas","tag-dukas","tag-kancelaria","tag-obchodny-priestor"],"aioseo_notices":[],"_links":{"self":[{"href":"https:\/\/www.dukas-partizanske.sk\/index.php?rest_route=\/wp\/v2\/pages\/1579","targetHints":{"allow":["GET"]}}],"collection":[{"href":"https:\/\/www.dukas-partizanske.sk\/index.php?rest_route=\/wp\/v2\/pages"}],"about":[{"href":"https:\/\/www.dukas-partizanske.sk\/index.php?rest_route=\/wp\/v2\/types\/page"}],"author":[{"embeddable":true,"href":"https:\/\/www.dukas-partizanske.sk\/index.php?rest_route=\/wp\/v2\/users\/1"}],"replies":[{"embeddable":true,"href":"https:\/\/www.dukas-partizanske.sk\/index.php?rest_route=%2Fwp%2Fv2%2Fcomments&post=1579"}],"version-history":[{"count":6,"href":"https:\/\/www.dukas-partizanske.sk\/index.php?rest_route=\/wp\/v2\/pages\/1579\/revisions"}],"predecessor-version":[{"id":1973,"href":"https:\/\/www.dukas-partizanske.sk\/index.php?rest_route=\/wp\/v2\/pages\/1579\/revisions\/1973"}],"wp:featuredmedia":[{"embeddable":true,"href":"https:\/\/www.dukas-partizanske.sk\/index.php?rest_route=\/wp\/v2\/media\/1559"}],"wp:attachment":[{"href":"https:\/\/www.dukas-partizanske.sk\/index.php?rest_route=%2Fwp%2Fv2%2Fmedia&parent=1579"}],"wp:term":[{"taxonomy":"category","embeddable":true,"href":"https:\/\/www.dukas-partizanske.sk\/index.php?rest_route=%2Fwp%2Fv2%2Fcategories&post=1579"},{"taxonomy":"post_tag","embeddable":true,"href":"https:\/\/www.dukas-partizanske.sk\/index.php?rest_route=%2Fwp%2Fv2%2Ftags&post=1579"}],"curies":[{"name":"wp","href":"https:\/\/api.w.org\/{rel}","templated":true}]}}

Priestor č. 106

<div class="wp-block-cover alignleft"><span aria-hidden="true" class="wp-block-cover__background has-background-dim"></span><img fetchpriority="high" decoding="async" width="1024" height="456" class="wp-block-cover__image-background wp-image-1559" alt="" src="https://www.dukas-partizanske.sk/wp-content/uploads/2024/02/PANO_20231211_103220-1024x456.jpg" data-object-fit="cover" srcset="https://www.dukas-partizanske.sk/wp-content/uploads/2024/02/PANO_20231211_103220-1024x456.jpg 1024w, https://www.dukas-partizanske.sk/wp-content/uploads/2024/02/PANO_20231211_103220-300x134.jpg 300w, https://www.dukas-partizanske.sk/wp-content/uploads/2024/02/PANO_20231211_103220-768x342.jpg 768w, https://www.dukas-partizanske.sk/wp-content/uploads/2024/02/PANO_20231211_103220-1536x684.jpg 1536w, https://www.dukas-partizanske.sk/wp-content/uploads/2024/02/PANO_20231211_103220-2048x911.jpg 2048w" sizes="(max-width: 1024px) 100vw, 1024px" /><div class="wp-block-cover__inner-container is-layout-flow wp-block-cover-is-layout-flow">
<p class="has-text-align-center has-large-font-size">34 m2</p>
</div></div>



<p>Vitajte v priestore č. 106 v Biznis Centre Dukas, skvelom mieste pre váš kancelársky život. Tento kancelársky priestor s rozlohou 34 m2 sa nachádza na prvom poschodí budovy, ponúkajúc vám ideálne pracovné prostredie so všetkým, čo potrebujete.</p>



<p></p>



<p></p>



<p></p>



<p></p>



<p></p>



<p></p>



<p></p>



<h3 class="wp-block-heading"><strong>Špecifikácie Priestoru:</strong></h3>



<ul class="wp-block-list">
<li><strong>Veľkosť:</strong> 34 m2</li>



<li><strong>Poschodie:</strong> 1. poschodie</li>



<li><strong>Orientácia:</strong> Sever, čo zabezpečuje príjemné svetlo a optimálny pracovný komfort.</li>
</ul>



<h3 class="wp-block-heading"><strong>Vybavenie:</strong></h3>



<ul class="wp-block-list">
<li><strong>Podlaha:</strong> Plávajúca podlaha, ktorá dodáva priestoru elegantný a profesionálny vzhľad.</li>



<li><strong>Osvetlenie:</strong> Neónové kazetové svietidlá zaisťujú dostatok svetla pre vaše pracovné úlohy a vytvárajú príjemnú atmosféru.</li>
</ul>



<h3 class="wp-block-heading"><strong>Súkromie:</strong></h3>



<ul class="wp-block-list">
<li><strong>Pozícia Priestoru:</strong> Výhodou tohto priestoru je jeho položenie, ktoré zabezpečuje vysokú mieru súkromia. Absencia presklených stien vám umožňuje sústrediť sa na prácu bez rušenia.</li>
</ul>



<h3 class="wp-block-heading"><strong>Výhody Priestoru č. 106:</strong></h3>



<ul class="wp-block-list">
<li><strong>Útulné Pracovné Prostredie:</strong> Priestor je navrhnutý tak, aby poskytoval ideálne pracovné prostredie pre váš tím.</li>



<li><strong>Optimálna Veľkosť:</strong> S rozlohou 34 m2 máte dostatok priestoru pre efektívne fungovanie vášho podnikania.</li>
</ul>



<h3 class="wp-block-heading"><strong>Ideálna Voľba Pre Vaše Podnikanie:</strong></h3>



<p>Priestor č. 106 vám ponúka štýlové a súkromné pracovné prostredie, ideálne pre váš rastúci podnik. Pre viac informácií alebo na zabezpečenie prehliadky nás neváhajte kontaktovať. Tešíme sa na vás!</p>



<figure class="wp-block-embed is-type-video is-provider-youtube wp-block-embed-youtube wp-embed-aspect-4-3 wp-has-aspect-ratio"><div class="wp-block-embed__wrapper">
<iframe title="Priestor č. 106" width="843" height="632" src="https://www.youtube.com/embed/72NDsl40xi8?feature=oembed" frameborder="0" allow="accelerometer; autoplay; clipboard-write; encrypted-media; gyroscope; picture-in-picture; web-share" allowfullscreen></iframe>
</div></figure>



<figure class="wp-block-gallery has-nested-images columns-default is-cropped wp-block-gallery-1 is-layout-flex wp-block-gallery-is-layout-flex">
<figure class="wp-block-image size-large"><a href="https://www.dukas-partizanske.sk/wp-content/uploads/2024/02/IMG_20231211_103258-scaled.jpg"><img decoding="async" width="576" height="1024" data-id="1557" src="https://www.dukas-partizanske.sk/wp-content/uploads/2024/02/IMG_20231211_103258-576x1024.jpg" alt="" class="wp-image-1557" srcset="https://www.dukas-partizanske.sk/wp-content/uploads/2024/02/IMG_20231211_103258-576x1024.jpg 576w, https://www.dukas-partizanske.sk/wp-content/uploads/2024/02/IMG_20231211_103258-169x300.jpg 169w, https://www.dukas-partizanske.sk/wp-content/uploads/2024/02/IMG_20231211_103258-768x1365.jpg 768w, https://www.dukas-partizanske.sk/wp-content/uploads/2024/02/IMG_20231211_103258-864x1536.jpg 864w, https://www.dukas-partizanske.sk/wp-content/uploads/2024/02/IMG_20231211_103258-1153x2048.jpg 1153w, https://www.dukas-partizanske.sk/wp-content/uploads/2024/02/IMG_20231211_103258-scaled.jpg 1441w" sizes="(max-width: 576px) 100vw, 576px" /></a><figcaption class="wp-element-caption">34 m2</figcaption></figure>



<figure class="wp-block-image size-large"><a href="https://www.dukas-partizanske.sk/wp-content/uploads/2024/02/PANO_20231211_103220-scaled.jpg"><img decoding="async" width="1024" height="456" data-id="1559" src="https://www.dukas-partizanske.sk/wp-content/uploads/2024/02/PANO_20231211_103220-1024x456.jpg" alt="" class="wp-image-1559" srcset="https://www.dukas-partizanske.sk/wp-content/uploads/2024/02/PANO_20231211_103220-1024x456.jpg 1024w, https://www.dukas-partizanske.sk/wp-content/uploads/2024/02/PANO_20231211_103220-300x134.jpg 300w, https://www.dukas-partizanske.sk/wp-content/uploads/2024/02/PANO_20231211_103220-768x342.jpg 768w, https://www.dukas-partizanske.sk/wp-content/uploads/2024/02/PANO_20231211_103220-1536x684.jpg 1536w, https://www.dukas-partizanske.sk/wp-content/uploads/2024/02/PANO_20231211_103220-2048x911.jpg 2048w" sizes="(max-width: 1024px) 100vw, 1024px" /></a><figcaption class="wp-element-caption">34 m2</figcaption></figure>



<figure class="wp-block-image size-large"><a href="https://www.dukas-partizanske.sk/wp-content/uploads/2024/02/1639729396323-scaled.jpg"><img loading="lazy" decoding="async" width="1024" height="472" data-id="1580" src="https://www.dukas-partizanske.sk/wp-content/uploads/2024/02/1639729396323-1024x472.jpg" alt="" class="wp-image-1580" srcset="https://www.dukas-partizanske.sk/wp-content/uploads/2024/02/1639729396323-1024x472.jpg 1024w, https://www.dukas-partizanske.sk/wp-content/uploads/2024/02/1639729396323-300x138.jpg 300w, https://www.dukas-partizanske.sk/wp-content/uploads/2024/02/1639729396323-768x354.jpg 768w, https://www.dukas-partizanske.sk/wp-content/uploads/2024/02/1639729396323-1536x708.jpg 1536w, https://www.dukas-partizanske.sk/wp-content/uploads/2024/02/1639729396323-2048x944.jpg 2048w" sizes="(max-width: 1024px) 100vw, 1024px" /></a><figcaption class="wp-element-caption">34 m2</figcaption></figure>
</figure>

<p>Vitajte v priestore č. 106 v Biznis Centre Dukas, skvelom mieste pre váš kancelársky život. Tento kancelársky priestor s rozlohou 34 m2 sa nachádza na&hellip;</p>
